lculate the greatest common divisor of x and 12.
6
Let w = -53 - -85. Suppose 0 = -2*y + 3*y - w. Suppose -2*z + y + 32 = 0. Calculate the highest common divisor of 48 and z.
16
Let j = -204 - -213. What is the greatest common divisor of 45 and j?
9
Let t(b) = -34*b - 168. Let d be t(-6). Let n be (-17)/(-2) + (-2)/(-4). Calculate the highest common factor of n and d.
9
Suppose 2*j + 15 = 3*j + s, 0 = 2*j - 2*s - 30. Let m be (-4 + -1)*(-6)/10. Suppose 118 + 62 = m*v. Calculate the greatest common factor of j and v.
15
Let h = 15 - 7. Suppose -h = 4*s - 40. Let u(o) = o**2 - 8*o + 11. Let t be u(s). What is the highest common divisor of t and 44?
11
Let v be (20/16)/(3/(-12)) - -131. What is the greatest common divisor of v and 28?
14
Let z be (24/(-32))/((-1)/4). Let s be 3*(1 - 2/6). Suppose 5*u = h + 65, h + 31 = s*u + 2. Calculate the greatest common divisor of u and z.
3
Let w = 23 + -21. Suppose -w*v + 40 = -0*v. What is the highest common divisor of v and 220?
20
Suppose 5*i - 1443 = -2*m, -2*i - 4*m + 147 + 443 = 0. What is the highest common factor of i and 82?
41
Suppose -5*t = -90 + 10. Let o(j) = -2*j**3 + 4*j**2 - 5*j - 36. Let u be o(-4). Calculate the greatest common factor of u and t.
16
Let q be 3/(9/10) + 4/6. Let l be 227/q - (6 + 50/(-8)). Calculate the highest common divisor of 19 and l.
19
Let p(u) = u**2 + u. Let z be p(-2). Suppose 5*l = -x + 104, 3*l + 54 - 276 = -z*x. Let n = x - 75. What is the highest common factor of n and 13?
13
Suppose 0*z + 136 = -2*h - 4*z, 0 = -h - 3*z - 71. Let d = h - -97. Calculate the greatest common factor of d and 5.
5
Let m be 4/(-6)*36/(-24). Let l be (m - (-38)/(-4))*2. Let z(y) = y**2 + 16*y - 11. Let d be z(l). What is the highest common factor of d and 4?
2
Let t = 696 - 446. What is the highest common divisor of 20 and t?
10
Let k(h) = 2*h + 6. Let q = 12 - 0. Let b be k(q). Suppose 10 = -5*g + 25. What is the highest common divisor of g and b?
3
Suppose u = 6*u. Suppose -4*r - 31 - 73 = u. Let m = 2 - r. What is the highest common factor of 7 and m?
7
Let b = -4 - -10. Let v(k) = -8*k - 9. Suppose 5*c + 32 = -4*h, -5*c = 2*h - 4*h + 14. Let y be v(h). Calculate the greatest common divisor of b and y.
3
Let n(y) = y**3 + y**2 - 53*y + 31. Let j be n(-8). Let i(l) = -l**3 + l**2 + l + 1. Let p be i(0). What is the greatest common factor of p and j?
1
Let i = -210 - -353. What is the greatest common divisor of i and 13?
13
Suppose -3*k + 0*k - 15 = 0, -4*s - 4*k = -92. Suppose 0 = 2*j - 6*j + s. What is the greatest common divisor of 49 and j?
7
Suppose 3*p + 12 = 21. Suppose -p*c + 99 = 9. Calculate the highest common factor of c and 20.
10
Let x = 662 + -302. Suppose 0 = -f + 21*f - x. What is the highest common factor of f and 54?
18
Let a be (0 + -3)/(48/1376). Let p = -26 - a. Calculate the greatest common factor of p and 24.
12
Suppose -12*j = -4078 + 1222. What is the highest common divisor of 102 and j?
34
Let j(o) = 12*o - 16. Let k be j(7). Let h be (16 - -1)/(12 + -11). Calculate the greatest common divisor of k and h.
17
Let p(m) = -5*m - 9. Let l be p(-3). Suppose l*c = 3*c + 9. Calculate the greatest common factor of c and 3.
3
Suppose -2*j = 2*t + 6, -4*j = -j - t - 11. Suppose j*h = 37 + 11. Let u be (-1)/6*-4*h. Calculate the greatest common factor of 8 and u.
8
Let h be (-13)/(-5) + (-64)/(-160). Suppose 3*i - c - 133 = 0, 2*c = 7 + h. What is the highest common divisor of 322 and i?
46
Let f be (18 + -15)*23/(5 + -4). Calculate the highest common factor of f and 24.
3
Let k = 1315 + -1271. Calculate the greatest common divisor of 363 and k.
11
Let x be (-4)/(-6) + (-9947)/(-87). Let a = x - 52. What is the highest common divisor of a and 14?
7
Suppose 30*g - 29*g + 2 = 0. Let b be (-732)/(-18) + g/3. Calculate the greatest common divisor of 5 and b.
5
Let f(l) = -2*l**2 + 45*l - 124. Let b be f(19). Calculate the highest common divisor of b and 27.
9
Let c = 1138 - 1136. What is the greatest common factor of c and 41?
1
Let q(v) = -3*v**3 - 7*v**2 - 7*v - 6. Let x be q(-4). Suppose 6*g = n + 406, 3*g + n - 70 = 136. Calculate the greatest common factor of x and g.
34
Let x = -278 + 722. What is the highest common factor of 24 and x?
12
Let v be 1 - 51*1/3. Let k = -28 - v. Let i = k + 18. What is the greatest common factor of 6 and i?
6
Let a = 431 + -244. Let t(f) = -f**3 - 2*f**2 + 5*f + 5. Let v be t(-4). Calculate the greatest common divisor of v and a.
17
Suppose 3*x - 19*b + 15*b = 185, 5*x - b - 314 = 0. Calculate the highest common divisor of 18 and x.
9
Suppose -3*k = 17*q - 13*q - 37, -5*k - 6 = -3*q. What is the highest common factor of q and 546?
7
Let o = -1949 + 6969. Calculate the greatest common divisor of o and 20.
20
Suppose 4*u = u + 9. Suppose 115 - 34 = 3*o. Calculate the greatest common factor of o and u.
3
Let a(u) be the first derivative of -43*u**2 - 2*u + 2. Let r = -84 - -83. Let h be a(r). What is the highest common factor of 56 and h?
28
Let v(a) be the second derivative of -3*a**5/20 - a**4/12 + 5*a**3/6 + a**2/2 - 42*a. Let y be v(-2). What is the greatest common factor of 121 and y?
11
Suppose -2*t - 14 = 2*p, 2*t - 3*p - 3 = 3*t. Let f(b) = b**3 + 11*b**2 + 16*b - 3. Let c be f(t). What is the greatest common factor of c and 15?
15
Suppose 2*w + 2*q - 234 = 0, 15*q + 597 = 5*w + 14*q. Calculate the greatest common factor of w and 68.
17
Let s(u) = -u**2 + 5*u - 3. Let k be s(4). Let x = 1 + 5. Let d be (4/6)/(x/9). What is the highest common divisor of k and d?
1
Let w(t) = -3*t**3 - 14*t**2 - 9*t - 22. Let u be w(-7). Calculate the greatest common divisor of 24 and u.
24
Suppose -5*j = -0*j - 115. Let d = j + -10. Suppose 3*k - 14 = 5*g, -k + 4*k + 3*g - 54 = 0. What is the greatest common divisor of d and k?
13
Suppose 2*o + 37 = 5*g - 2*o, g - o - 8 = 0. Suppose -166 + 9 = g*u + x, 99 = -3*u + x. Let m = 104 - u. What is the greatest common factor of 17 and m?
17
Let q = -5 - -456. What is the greatest common divisor of q and 41?
41
Suppose 37*t - t - 756 = 0. What is the highest common divisor of t and 24?
3
Suppose -13 = 4*y + 27. Let o = y - -12. Suppose -4*u + o*u = -5*f - 161, -4*u = 3*f - 257. Calculate the highest common divisor of 17 and u.
17
Let u(x) = 2*x**3 + 2*x**2 - 2*x - 2. Let i be u(-3). Let d be (-2480)/i - 2/4. What is the greatest common divisor of d and 7?
7
Let s = 69 - 24. Suppose s = -4*t + 5*r, 3*r - r = -4*t - 10. Let k = 11 - t. What is the greatest common factor of k and 2?
2
Let i = 643 + -411. Calculate the greatest common factor of i and 8.
8
Suppose 41*w - 2280 = 33*w. What is the highest common divisor of w and 60?
15
Let x(a) = a**2 + 4*a + 9. Let w be x(-6). Let l = 12 + -18. Let n be ((-3)/l)/(1/14). What is the highest common factor of n and w?
7
Let u(l) = 2*l**2 - 6*l - 1. Let h be u(5). Let g(o) = -o**3 + 18*o**2 + 19*o + 10. Let s be g(h). Calculate the greatest common divisor of s and 10.
10
Let h(x) = x**3 + 5*x. Suppose -l - 3 + 7 = 0. Let r be h(l). Calculate the highest common divisor of 56 and r.
28
Let a be 7/2 - (-3)/6. Suppose -a*y = -46 - 34. Let s = 50 - y. Calculate the highest common divisor of s and 15.
15
Let p be ((-24)/(-20))/2 + 2748/20. What is the highest common factor of p and 207?
69
Let k(o) = 15*o**2 - 7*o - 42. Let x be k(-6). Calculate the greatest common factor of x and 240.
60
Let w(y) = y**2 + 9*y + 14. Let f be w(-6). Let a be (-3 + 11)/f*(-5 - 0). Suppose 4*i - 50 = 3*i. What is the greatest common factor of a and i?
10
Suppose 122 = 2*j - 3*s, 208 - 59 = 3*j + 4*s. What is the highest common divisor of 5 and j?
5
Let g be (-4)/2 + 4 - 2. Let u = 32 - 39. Let t be (15 + g)/(u + 8). What is the greatest common factor of t and 15?
15
Let a(m) = 3*m + 7. Suppose 4*n = -v - v + 16, 5*n - 4*v = 46. Let j be a(n). Calculate the highest common factor of j and 275.
25
Let w(p) be the third derivative of p**5/10 - 2*p**3/3 + 2*p**2. Let t be w(3). What is the highest common factor of 20 and t?
10
Let r = 67 - 35. Let m(n) = 4*n - 14. Let b be m(6). Let s be b*((-1)/(-8) + (-1260)/(-160)). Calculate the highest common divisor of s and r.
16
Suppose 33*j - 619 = 41. Let b = 42 - -118. Calculate the highest common divisor of b and j.
20
Suppose -148 - 6892 = -110*m